{"id":1373,"date":"2024-03-27T15:02:20","date_gmt":"2024-03-27T14:02:20","guid":{"rendered":"https:\/\/diadni.sk\/2025\/?page_id=1373"},"modified":"2025-01-21T13:54:48","modified_gmt":"2025-01-21T12:54:48","slug":"ubytovanie","status":"publish","type":"page","link":"https:\/\/diadni.sk\/2025\/ubytovanie\/","title":{"rendered":"Ubytovanie"},"content":{"rendered":"\t\t<div data-elementor-type=\"wp-page\" data-elementor-id=\"1373\" class=\"elementor elementor-1373\" data-elementor-post-type=\"page\">\n\t\t\t\t<div class=\"elementor-element elementor-element-b9047f4 e-flex e-con-boxed e-con e-parent\" data-id=\"b9047f4\" data-element_type=\"container\" data-settings=\"{&quot;background_background&quot;:&quot;classic&quot;}\">\n\t\t\t\t\t<div class=\"e-con-inner\">\n\t\t<div class=\"elementor-element elementor-element-fa3acb3 e-con-full e-flex e-con e-child\" data-id=\"fa3acb3\" data-element_type=\"container\">\n\t\t\t\t<\/div>\n\t\t\t\t\t<\/div>\n\t\t\t\t<\/div>\n\t\t<div class=\"elementor-element elementor-element-f928fd0 e-flex e-con-boxed e-con e-parent\" data-id=\"f928fd0\" data-element_type=\"container\">\n\t\t\t\t\t<div class=\"e-con-inner\">\n\t\t\t\t<div class=\"elementor-element elementor-element-82366bf elementor-widget elementor-widget-heading\" data-id=\"82366bf\" data-element_type=\"widget\" data-widget_type=\"heading.default\">\n\t\t\t\t<div class=\"elementor-widget-container\">\n\t\t\t\t\t<h3 class=\"elementor-heading-title elementor-size-default\">Ubytovanie je mo\u017en\u00e9 rezervova\u0165 iba priamo cez agent\u00faru TAJPAN s.r.o.<\/h3>\t\t\t\t<\/div>\n\t\t\t\t<\/div>\n\t\t\t\t<div class=\"elementor-element elementor-element-d8a7c12 elementor-widget-divider--view-line_text elementor-widget-divider--element-align-center elementor-widget elementor-widget-divider\" data-id=\"d8a7c12\" data-element_type=\"widget\" data-widget_type=\"divider.default\">\n\t\t\t\t<div class=\"elementor-widget-container\">\n\t\t\t\t\t\t\t<div class=\"elementor-divider\">\n\t\t\t<span class=\"elementor-divider-separator\">\n\t\t\t\t\t\t\t<span class=\"elementor-divider__text elementor-divider__element\">\n\t\t\t\tKontaktn\u00e1 osoba\t\t\t\t<\/span>\n\t\t\t\t\t\t<\/span>\n\t\t<\/div>\n\t\t\t\t\t\t<\/div>\n\t\t\t\t<\/div>\n\t\t\t\t<div class=\"elementor-element elementor-element-4dca5fc elementor-widget elementor-widget-image-box\" data-id=\"4dca5fc\" data-element_type=\"widget\" data-widget_type=\"image-box.default\">\n\t\t\t\t<div class=\"elementor-widget-container\">\n\t\t\t\t\t<div class=\"elementor-image-box-wrapper\"><div class=\"elementor-image-box-content\"><h3 class=\"elementor-image-box-title\">Mgr. Viera Kubal\u00edkov\u00e1<\/h3><p class=\"elementor-image-box-description\">+421 911 454 291<\/br>\nviera.kubalikova@tajpan.com<\/p><\/div><\/div>\t\t\t\t<\/div>\n\t\t\t\t<\/div>\n\t\t\t\t\t<\/div>\n\t\t\t\t<\/div>\n\t\t\t\t<\/div>\n\t\t","protected":false},"excerpt":{"rendered":"<p>Ubytovanie je mo\u00c5\u00ben\u00c3\u00a9 rezervova\u00c5\u00a5 iba priamo cez agent\u00c3\u00baru TAJPAN s.r.o. Kontaktn\u00c3\u00a1 osoba Mgr. Viera Kubal\u00c3\u00adkov\u00c3\u00a1 +421 911 454 291 viera.kubalikova@tajpan.com<\/p>\n","protected":false},"author":27,"featured_media":0,"parent":0,"menu_order":0,"comment_status":"closed","ping_status":"closed","template":"","meta":{"footnotes":""},"class_list":["post-1373","page","type-page","status-publish","hentry"],"_links":{"self":[{"href":"https:\/\/diadni.sk\/2025\/wp-json\/wp\/v2\/pages\/1373","targetHints":{"allow":["GET"]}}],"collection":[{"href":"https:\/\/diadni.sk\/2025\/wp-json\/wp\/v2\/pages"}],"about":[{"href":"https:\/\/diadni.sk\/2025\/wp-json\/wp\/v2\/types\/page"}],"author":[{"embeddable":true,"href":"https:\/\/diadni.sk\/2025\/wp-json\/wp\/v2\/users\/27"}],"replies":[{"embeddable":true,"href":"https:\/\/diadni.sk\/2025\/wp-json\/wp\/v2\/comments?post=1373"}],"version-history":[{"count":7,"href":"https:\/\/diadni.sk\/2025\/wp-json\/wp\/v2\/pages\/1373\/revisions"}],"predecessor-version":[{"id":1890,"href":"https:\/\/diadni.sk\/2025\/wp-json\/wp\/v2\/pages\/1373\/revisions\/1890"}],"wp:attachment":[{"href":"https:\/\/diadni.sk\/2025\/wp-json\/wp\/v2\/media?parent=1373"}],"curies":[{"name":"wp","href":"https:\/\/api.w.org\/{rel}","templated":true}]}}